{"id":5100,"date":"2026-04-07T12:16:10","date_gmt":"2026-04-07T11:16:10","guid":{"rendered":"https:\/\/sadjiaceramica.com\/?post_type=product&#038;p=5100"},"modified":"2026-04-07T12:54:37","modified_gmt":"2026-04-07T11:54:37","slug":"citra","status":"publish","type":"product","link":"https:\/\/sadjiaceramica.com\/?product=citra","title":{"rendered":"Citra"},"content":{"rendered":"<p data-start=\"169\" data-end=\"449\">Le gr\u00e8s c\u00e9rame effet pierre de la collection <strong data-start=\"214\" data-end=\"243\">(\u00e0 compl\u00e9ter avec le nom)<\/strong> se distingue par son aspect naturel et sa texture riche en d\u00e9tails. Son rendu min\u00e9ral, inspir\u00e9 de la pierre brute, apporte chaleur et authenticit\u00e9 \u00e0 vos espaces tout en conservant une touche contemporaine.<\/p>\n<p data-start=\"451\" data-end=\"607\">Disponible en <strong data-start=\"465\" data-end=\"479\">2 couleurs<\/strong>, ce carrelage offre une flexibilit\u00e9 id\u00e9ale pour s\u2019adapter \u00e0 diff\u00e9rents styles d\u2019am\u00e9nagement, du plus classique au plus moderne.<\/p>\n<p data-start=\"609\" data-end=\"822\">Fabriqu\u00e9 \u00e0 partir de mati\u00e8res premi\u00e8res de haute qualit\u00e9, ce rev\u00eatement est press\u00e9 \u00e0 tr\u00e8s haute densit\u00e9 puis cuit \u00e0 des temp\u00e9ratures extr\u00eames, garantissant une excellente r\u00e9sistance et une durabilit\u00e9 \u00e0 long terme.<\/p>\n<p data-start=\"824\" data-end=\"997\">Pens\u00e9 pour les espaces r\u00e9sidentiels et commerciaux, ce carrelage allie robustesse, esth\u00e9tisme et facilit\u00e9 d\u2019entretien, en faisant un choix fiable pour tous types de projets.<\/p>\n<ul>\n<li data-start=\"1039\" data-end=\"1135\"><strong data-start=\"1039\" data-end=\"1068\">2 couleurs disponibles : <\/strong>Une palette sobre et naturelle pour s\u2019adapter \u00e0 tous les styles.<\/li>\n<li data-start=\"1137\" data-end=\"1227\"><strong data-start=\"1137\" data-end=\"1163\">Esth\u00e9tique min\u00e9rale : <\/strong>Effet pierre textur\u00e9 pour un rendu authentique et chaleureux.<\/li>\n<li data-start=\"1229\" data-end=\"1340\"><strong data-start=\"1229\" data-end=\"1254\">Polyvalence totale : <\/strong>Id\u00e9al pour sols et murs : salons, cuisines, salles de bains et espaces commerciaux.<\/li>\n<li data-start=\"1342\" data-end=\"1439\"><strong data-start=\"1342\" data-end=\"1369\">R\u00e9sistance optimale : <\/strong>Con\u00e7u pour supporter les passages intensifs et l\u2019usure quotidienne.<\/li>\n<li data-start=\"1441\" data-end=\"1530\"><strong data-start=\"1441\" data-end=\"1464\">Entretien facile : <\/strong>Surface non poreuse r\u00e9sistante aux taches et simple \u00e0 nettoyer.<\/li>\n<li data-start=\"1532\" data-end=\"1625\"><strong data-start=\"1532\" data-end=\"1558\">Technologie avanc\u00e9e : <\/strong>Gr\u00e8s c\u00e9rame haute densit\u00e9 avec cuisson \u00e0 tr\u00e8s haute temp\u00e9rature.<\/li>\n<li data-start=\"1627\" data-end=\"1727\"><strong data-start=\"1627\" data-end=\"1651\">\ud83c\udde9\ud83c\uddff Qualit\u00e9 premium : <\/strong>Fabrication selon des standards modernes pour une finition irr\u00e9prochable.<\/li>\n<\/ul>\n","protected":false},"excerpt":{"rendered":"<p><span style=\"color: #993300;\"><strong>Dalle de sol en gr\u00e8s c\u00e9rame effet pierre, au rendu naturel et textur\u00e9.<\/strong><\/span><br data-start=\"1996\" data-end=\"1999\" \/><span style=\"color: #993300;\"><strong>Disponible en 2 couleurs pour s\u2019adapter \u00e0 tous les styles.<\/strong><\/span><br data-start=\"2064\" data-end=\"2067\" \/><span style=\"color: #993300;\"><strong>Parfaite pour un int\u00e9rieur moderne, chaleureux et durable.<\/strong><\/span><\/p>\n","protected":false},"featured_media":5131,"comment_status":"open","ping_status":"closed","template":"","meta":[],"product_brand":[125],"product_cat":[105],"product_tag":[134],"class_list":{"0":"post-5100","1":"product","2":"type-product","3":"status-publish","4":"has-post-thumbnail","6":"product_brand-sadjia-ceram","7":"product_cat-dalle-de-sol","8":"product_tag-produit-de-haute-qualite","10":"first","11":"instock","12":"taxable","13":"shipping-taxable","14":"product-type-variable"},"_links":{"self":[{"href":"https:\/\/sadjiaceramica.com\/index.php?rest_route=\/wp\/v2\/product\/5100","targetHints":{"allow":["GET"]}}],"collection":[{"href":"https:\/\/sadjiaceramica.com\/index.php?rest_route=\/wp\/v2\/product"}],"about":[{"href":"https:\/\/sadjiaceramica.com\/index.php?rest_route=\/wp\/v2\/types\/product"}],"replies":[{"embeddable":true,"href":"https:\/\/sadjiaceramica.com\/index.php?rest_route=%2Fwp%2Fv2%2Fcomments&post=5100"}],"version-history":[{"count":2,"href":"https:\/\/sadjiaceramica.com\/index.php?rest_route=\/wp\/v2\/product\/5100\/revisions"}],"predecessor-version":[{"id":5147,"href":"https:\/\/sadjiaceramica.com\/index.php?rest_route=\/wp\/v2\/product\/5100\/revisions\/5147"}],"wp:featuredmedia":[{"embeddable":true,"href":"https:\/\/sadjiaceramica.com\/index.php?rest_route=\/wp\/v2\/media\/5131"}],"wp:attachment":[{"href":"https:\/\/sadjiaceramica.com\/index.php?rest_route=%2Fwp%2Fv2%2Fmedia&parent=5100"}],"wp:term":[{"taxonomy":"product_brand","embeddable":true,"href":"https:\/\/sadjiaceramica.com\/index.php?rest_route=%2Fwp%2Fv2%2Fproduct_brand&post=5100"},{"taxonomy":"product_cat","embeddable":true,"href":"https:\/\/sadjiaceramica.com\/index.php?rest_route=%2Fwp%2Fv2%2Fproduct_cat&post=5100"},{"taxonomy":"product_tag","embeddable":true,"href":"https:\/\/sadjiaceramica.com\/index.php?rest_route=%2Fwp%2Fv2%2Fproduct_tag&post=5100"}],"curies":[{"name":"wp","href":"https:\/\/api.w.org\/{rel}","templated":true}]}}